10
-10519642
Convert 101111001010111011001 (base 2) to base 10.
1545689
What is -68228 (base 9) in base 8?
-130512
Convert -3303112130 (base 4) to base 10.
-996764
-633939 (base 10) to base 7
-5250135
What is -10526553 (base 8) in base 15?
-2ed57e
Convert -714544 (base 10) to base 16.
-ae730
What is -19849 (base 11) in base 7?
-143405
What is 21112020222121 (base 3) in base 9?
7466877
-1381862 (base 12) to base 8
-16703612
What is -1400004340 (base 5) in base 6?
-203210444
Convert 603648 (base 9) to base 2.
1010111001010010011
What is 21022222010 (base 3) in base 4?
203032332
-515325414 (base 6) to base 15
-bb866a
-104442 (base 5) to base 10
-3747
What is -222506 (base 7) in base 3?
-1222222112
3617238 (base 10) to base 13
9985a1
What is 15425f (base 16) in base 10?
1393247
What is -5b445c (base 15) in base 16?
-42a76d
12120110211002 (base 3) to base 12
baa002
1133043442 (base 5) to base 4
22001212131
5064026 (base 8) to base 5
320243431
Convert 1512434021 (base 6) to base 3.
1022112110012111
3201670 (base 8) to base 12
351708
-c772 (base 13) to base 15
-82ca
-2104020 (base 6) to base 2
-11000111001001100
24b76 (base 14) to base 13
31cc4
-12122220112120 (base 3) to base 7
-34403436
What is 12333020 (base 4) in base 12?
14688
What is -951345 (base 13) in base 11?
-1a71a95
Convert -15746700 (base 8) to base 3.
-20212210200002
What is 110021010021010 (base 3) in base 15?
88b16c
What is 584198 (base 12) in base 14?
28c6a0
-1010000111110101101 (base 2) to base 10
-331693
What is 30203103 (base 7) in base 14?
49303a
What is 197519 (base 10) in base 4?
300032033
771089 (base 15) to base 11
3225651
Convert 471203 (base 10) to base 13.
136625
-34044422 (base 5) to base 7
-2356412
Convert -10001001010110011011100 (base 2) to base 12.
-16106a4
Convert -201242301 (base 5) to base 16.
-c4c3f
-9108d5 (base 14) to base 2
-10010100111100011001011
What is -35640014 (base 7) in base 10?
-3169331
What is -106031 (base 9) in base 3?
-10020001001
What is 2a6815 (base 13) in base 7?
11602040
What is -23541460 (base 7) in base 8?
-7772255
Convert -20859b9 (base 12) to base 14.
-b60701
Convert -444662 (base 7) to base 4.
-103023032
What is 101002200101 (base 3) in base 12?
97054
Convert -3052531 (base 6) to base 2.
-100011111010000111
What is 2baeb3 (base 15) in base 16?
203cb5
Convert -440505 (base 7) to base 13.
-29115
What is -138012 (base 11) in base 12?
-a4957
110100100101001011 (base 2) to base 8
644513
-236654 (base 8) to base 9
-133500
Convert 2013184 (base 9) to base 12.
4382b7
26b26a (base 12) to base 4
2130212302
-6462411 (base 7) to base 8
-3003702
What is -1257424 (base 9) in base 12?
-292041
-42411040 (base 6) to base 15
-199166
57708 (base 13) to base 4
212322033
-51642 (base 7) to base 10
-12672
Convert 20368 (base 14) to base 9.
127284
Convert -10445145 (base 8) to base 6.
-120100005
ca0a8 (base 15) to base 6
21425252
What is 46f59a (base 16) in base 4?
101233112122
Convert 81729a (base 15) to base 3.
102120110000001
-5121078 (base 10) to base 4
-103202100312
197517 (base 11) to base 2
1001001111010101000
What is -1213321424 (base 5) in base 14?
-54a011
Convert 210d2b (base 14) to base 3.
2002201202110
What is 212121022200 (base 3) in base 15?
929dc
Convert 143205015 (base 6) to base 2.
1011010001101011000011
What is -10122000202202 (base 3) in base 7?
-22254230
Convert 2942336 (base 10) to base 16.
2ce580
What is -475314 (base 11) in base 5?
-143104344
Convert -447135 (base 8) to base 15.
-2eba8
What is -3872244 (base 10) in base 11?
-2205302
Convert 501545345 (base 6) to base 16.
818c21
What is -10124005 (base 9) in base 4?
-102202003031
161259 (base 12) to base 13
101aba
What is 1284372 (base 9) in base 14?
145031
Convert 805f56 (base 16) to base 15.
b12b29
Convert -25505202 (base 7) to base 3.
-11100221001200
100001110010010110110001 (base 2) to base 6
513500401
-1621215 (base 9) to base 4
-3123222302
Convert -3515315 (base 7) to base 5.
-103110012
What is 3020122020 (base 4) in base 16?
c8688
-409f5e (base 16) to base 13
-b538a1
What is 15166 (base 8) in base 13?
3111
Convert -45023021 (base 6) to base 10.
-1356277
What is -211210221200 (base 3) in base 2?
-1101101101000000100
Convert 10010001001101110 (base 2) to base 12.
3703a
What is -310212313 (base 4) in base 11?
-137990
-1244831 (base 9) to base 15
-d646a
What is 1022110300 (base 4) in base 7?
2405362
Convert 3526022 (base 7) to base 2.
1101100010111010010
-101322455 (base 6) to base 8
-6537343
Convert -1155224 (base 6) to base 7.
-345664
Convert 3714277 (base 8) to base 10.
1022143
What is 32356771 (base 8) in base 6?
404412505
Convert -12875683 (base 9) to base 7.
-105062460
Convert -1a4635 (base 14) to base 2.
-11100100000100100111
What is -26aaa6 (base 16) in base 6?
-130151422
What is 1122222210001 (base 3) in base 11?
555388
21200433 (base 5) to base 13
63190
-1562da (base 16) to base 14
-286ab8
What is -7080a (base 15) in base 14?
-93b3b
What is -11323022123 (base 4) in base 2?
-101111011001010011011
120030201 (base 4) to base 8
301441
What is -482082 (base 11) in base 4?
-2322202310
What is 103020300 (base 4) in base 13?
298a7
177ca14 (base 13) to base 8
35144742
2324446 (base 7) to base 5
33321443
261a35 (base 11) to base 2
1100100101101101111
-3122405 (base 6) to base 3
-21200000112
Convert 4562412 (base 10) to base 2.
10001011001110111101100
Convert badda (base 16) to base 12.
30ab36
-1122011201 (base 4) to base 11
-232259
3d1b2 (base 14) to base 13
53b14
What is -2587356 (base 11) in base 5?
-2121201441
121012220100001 (base 3) to base 8
40702313
Convert -111100110001111 (base 2) to base 9.
-46616
Convert -1772032 (base 8) to base 15.
-a4697
Convert -26b21a1 (base 12) to base 8.
-35270611
What is -227d6b (base 16) in base 10?
-2260331
-1001011111010110110 (base 2) to base 15
-62211
What is 19b9 (base 14) in base 7?
16422
Convert 348914 (base 10) to base 15.
6d5ae
What is -113644 (base 8) in base 10?
-38820
-1001000001100111011001 (base 2) to base 3
-11110012102102
568eb (base 15) to base 9
458685
73288 (base 15) to base 5
43140303
4549569 (base 10) to base 13
c33a6b
Convert 21a600 (base 11) to base 13.
c3880
What is 44106 (base 8) in base 6?
221354
-1647452 (base 8) to base 11
-2a7991
What is 31031203023 (base 4) in base 5?
1341311441
Convert 3322102302 (base 4) to base 6.
33550150
Convert -2000001120 (base 3) to base 11.
-27676
What is -24b17ab (base 12) in base 10?
-7198259
What is -115057 (base 8) in base 15?
-ba66
Convert 1e314 (base 15) to base 8.
300411
-40410 (base 7) to base 11
-7406
Convert -10100112132 (base 4) to base 16.
-11059e
9472b (base 15) to base 4
1302323111
Convert 122211111021 (base 3) to base 9.
584437
What is 29ec9 (base 15) in base 16?
20f34
What is 132ab9 (base 12) in base 6?
10435153
What is 2333341 (base 5) in base 16?
a7db
What is 13b22a (base 12) in base 6?
11025254
-5125778 (base 9) to base 10
-2733659
Convert 1001110010100110110100 (base 2) to base 15.
35a705
Convert -3033781 (base 9) to base 13.
-447c0a
-1001110101101111011 (base 2) to base 13
-b39b1
Convert -d11e2 (base 15) to base 11.
-412361
Convert -8671 (base 11) to base 4.
-2302330
-75278 (base 12) to base 2
-100101101000111100
Convert 453885 (base 12) to base 14.
20ac05
Convert -2320011332 (base 4) to base 12.
-304452
What is -96a03 (base 11) in base 12?
-696b4
Convert 6bb6a (base 16) to base 7.
3515165
What is 120201121021022 (base 3) in base 5?
4114414303
Convert 38be04 (base 15) to base 11.
15a0152
Convert 2096925 (base 12) to base 7.
103306112
Convert 2004104011 (base 5) to base 7.
45523200
Convert 13946c (base 16) to base 7.
13623023
-2472760 (base 10) to base 2
-1001011011101100111000
-8246 (base 13) to base 2
-100011000110100
Convert -3ca8a (base 14) to base 6.
-3115350
Convert -23552761 (base 8) to base 12.
-1891b01
What is 1c181e (base 16) in base 4?
13001200132
4c6a6 (base 14) to base 7
1411566
98b02 (base 13) to base 4
1003200012
What is -156782 (base 9) in base 13?
-35126
Convert -7206572 (base 8) to base 4.
-13100311322
What is -111152620 (base 7) in base 13?
-151aba5
-1030781 (base 9) to base 10
-551764
-222257 (base 9) to base 3
-20202021221
What is -39937 (base 14) in base 9?
-235407
What is 364640 (base 14) in base 8?
7051260
Convert 151bd (base 15) to base 3.
1011001